 and 110166?
1806
Calculate the greatest common divisor of 4682 and 347959217.
2341
Calculate the highest common divisor of 23641882 and 21582.
2398
Calculate the greatest common factor of 39620 and 278695570.
2830
What is the highest common factor of 816768 and 20544?
192
Calculate the highest common factor of 3585 and 4615.
5
Calculate the greatest common divisor of 31272 and 66460818.
7818
Calculate the greatest common factor of 1146969 and 8928.
279
What is the highest common divisor of 17995899 and 9264?
579
Calculate the highest common divisor of 1072602 and 42039.
243
What is the greatest common factor of 336360 and 1024?
8
Calculate the greatest common divisor of 11 and 339942526.
11
Calculate the greatest common divisor of 13553080 and 120.
40
What is the greatest common factor of 569336 and 1832?
8
Calculate the greatest common divisor of 62527444 and 14.
14
Calculate the highest common factor of 316 and 7589214.
158
Calculate the highest common divisor of 47344 and 1846988.
44
Calculate the highest common factor of 1547 and 89905231.
221
Calculate the greatest common divisor of 2002860 and 96930.
270
What is the greatest common factor of 3648 and 57396?
12
Calculate the highest common divisor of 2814470 and 30.
10
What is the greatest common divisor of 9273 and 394746?
33
Calculate the highest common factor of 142 and 1359863.
71
What is the highest common divisor of 2775987 and 164?
41
Calculate the highest common factor of 1597459 and 1896.
79
What is the highest common factor of 7068 and 420637884?
7068
What is the highest common factor of 573 and 189852?
3
Calculate the greatest common divisor of 6768 and 9455742.
846
Calculate the highest common factor of 9538 and 1638.
2
Calculate the highest common divisor of 1325313099 and 57.
57
What is the highest common divisor of 7849 and 1733794?
167
Calculate the greatest common divisor of 114782 and 4930.
58
Calculate the highest common divisor of 20 and 24492080.
20
What is the greatest common factor of 12455350 and 500?
50
What is the greatest common divisor of 226 and 2576174?
226
What is the highest common divisor of 8906010 and 21?
3
Calculate the greatest common divisor of 225728 and 21863873.
3527
What is the greatest common divisor of 532 and 23152640?
532
What is the highest common factor of 224 and 232131466?
14
Calculate the greatest common divisor of 2102387 and 6123.
157
What is the highest common factor of 25428 and 164047?
13
Calculate the greatest common factor of 206502 and 333330.
1626
What is the highest common divisor of 18968624 and 2248?
2248
What is the greatest common divisor of 23072 and 578592?
224
Calculate the greatest common divisor of 14965720 and 10.
10
Calculate the highest common divisor of 32776024 and 21088.
5272
Calculate the greatest common divisor of 108617 and 166392.
2311
Calculate the highest common divisor of 2328644 and 20.
4
What is the greatest common divisor of 584955 and 3255?
105
Calculate the greatest common factor of 11050200 and 42.
42
Calculate the highest common divisor of 66010626 and 810.
162
What is the greatest common factor of 742114704 and 2976?
1488
Calculate the highest common factor of 80208481 and 19.
19
What is the highest common factor of 332153506 and 2?
2
Calculate the highest common factor of 57258500 and 794725.
9575
Calculate the greatest common divisor of 672288 and 10293.
141
What is the greatest common divisor of 6084 and 15315456?
2028
Calculate the highest common factor of 412337000 and 125.
125
What is the highest common divisor of 8100 and 16153020?
1620
Calculate the highest common divisor of 16215 and 119830.
115
What is the greatest common divisor of 959881284 and 2844?
2844
Calculate the greatest common divisor of 48576644 and 32414.
1706
What is the highest common divisor of 6545213 and 13?
1
What is the greatest common factor of 465159448 and 39?
13
What is the highest common divisor of 86862045 and 5820?
1455
What is the greatest common factor of 11 and 2473746?
11
Calculate the highest common factor of 25884 and 2589516.
36
What is the greatest common divisor of 168 and 370684968?
24
Calculate the highest common factor of 11856 and 1199679.
741
What is the highest common divisor of 234301529 and 5313?
1771
Calculate the highest common divisor of 9855 and 634905.
135
What is the greatest common factor of 17680 and 16977560?
680
What is the highest common divisor of 6405 and 14632863?
1281
Calculate the highest common factor of 367 and 727758.
1
Calculate the highest common divisor of 766 and 12789902.
766
What is the greatest common divisor of 834332125 and 1375?
1375
Calculate the greatest common factor of 8907520 and 60880.
80
What is the greatest common divisor of 142408485 and 4545?
4545
What is the highest common divisor of 1552 and 38003242?
194
What is the greatest common divisor of 124162 and 15?
1
What is the highest common factor of 96 and 18488976?
48
Calculate the highest common factor of 1068 and 14738667.
267
What is the highest common divisor of 2794132187 and 47?
47
What is the highest common divisor of 60680769 and 64464?
4029
Calculate the greatest common factor of 50368 and 4592932.
3148
Calculate the highest common factor of 21021 and 19794138.
1911
What is the highest common factor of 372590 and 7600?
190
Calculate the highest common divisor of 164432 and 16168.
344
Calculate the highest common factor of 3044165 and 2060.
515
What is the greatest common divisor of 130 and 14716117?
13
What is the greatest common factor of 649747104 and 24?
24
What is the highest common factor of 7132 and 290161854?
3566
What is the highest common divisor of 15 and 1852055?
5
What is the highest common divisor of 18 and 5627346?
6
What is the greatest common factor of 294 and 19364702?
98
Calculate the highest common factor of 166 and 28898.
2
Calculate the highest common divisor of 363507 and 66.
3
Calculate the greatest common factor of 8423211 and 1598.
17
Calculate the highest common divisor of 1420 and 5578115.
355
What is the greatest common factor of 11058 and 4288467?
291
Calculate the highest common divisor of 70946 and 2546.
38
Calculate the highest common divisor of 630 and 4921650.
90
What is the greatest common divisor of 3 and 10648224?
3
Calculate the highest common factor of 3475687 and 2014.
53
What is the highest common factor of 10 and 4989805?
5
Calculate the highest common divisor of 26418 and 3694593.
357
What is the greatest common factor of 1945 and 1411681?
389
Calculate the highest common factor of 5110370 and 42228.
782
Calculate the greatest common factor of 366436309 and 5559.
1853
What is the greatest common factor of 12569436 and 3256?
44
What is the highest common factor of 5712 and 1869320?
136
What is the highest common divisor of 585 and 306292545?
585
Calculate the highest common divisor of 439595 and 1053.
13
What is the greatest common divisor of 414 and 85608?
18
What is the greatest common factor of 9461529 and 518?
259
What is the greatest common factor of 423605 and 855?
95
What is the greatest common divisor of 553497 and 42?
21
What is the highest common factor of 72 and 4122252?
36
What is the greatest common factor of 676335186 and 2708?
1354
Calculate the highest common factor of 142614 and 284202.
1026
Calculate the highest common factor of 37335013 and 17956.
4489
What is the greatest common factor of 3080 and 7160560?
440
Calculate the greatest common factor of 1401 and 107754.
3
Calculate the greatest common factor of 4024292 and 1525.
61
Calculate the greatest common divisor of 16 and 7071724.
4
Calculate the highest common factor of 648 and 11776920.
24
What is the highest common divisor of 20332 and 2653768?
884
What is the highest common divisor of 215925 and 10614873?
8637
What is the greatest common divisor of 27727 and 441302?
233
What is the greatest common factor of 1393701 and 786712?
3391
What is the highest common divisor of 30570 and 1511177?
1019
What is the highest common divisor of 412832 and 4232?
8
Calculate the greatest common factor of 6031 and 559625.
37
Calculate the greatest common divisor of 5136 and 109326501.
321
Calculate the highest common divisor of 21935 and 208115.
535
What is the greatest common divisor of 214 an